{"id":515,"date":"2022-10-20T17:13:50","date_gmt":"2022-10-20T17:13:50","guid":{"rendered":"https:\/\/wuwei-coaching.com\/?page_id=515"},"modified":"2025-03-02T22:05:39","modified_gmt":"2025-03-02T22:05:39","slug":"blog","status":"publish","type":"page","link":"https:\/\/wuwei-coaching.com\/?page_id=515","title":{"rendered":"COACHING"},"content":{"rendered":"\n<div class=\"wp-block-cover aligncenter\"><span aria-hidden=\"true\" class=\"wp-block-cover__background has-background-dim\"><\/span><img loading=\"lazy\" decoding=\"async\" width=\"1024\" height=\"1024\" class=\"wp-block-cover__image-background wp-image-1127\" alt=\"\" src=\"https:\/\/wuwei-coaching.com\/wp-content\/uploads\/2025\/03\/puzzle-5645619_1280-1024x1024.jpg\" data-object-fit=\"cover\" srcset=\"https:\/\/wuwei-coaching.com\/wp-content\/uploads\/2025\/03\/puzzle-5645619_1280-1024x1024.jpg 1024w, https:\/\/wuwei-coaching.com\/wp-content\/uploads\/2025\/03\/puzzle-5645619_1280-300x300.jpg 300w, https:\/\/wuwei-coaching.com\/wp-content\/uploads\/2025\/03\/puzzle-5645619_1280-150x150.jpg 150w, https:\/\/wuwei-coaching.com\/wp-content\/uploads\/2025\/03\/puzzle-5645619_1280-768x768.jpg 768w, https:\/\/wuwei-coaching.com\/wp-content\/uploads\/2025\/03\/puzzle-5645619_1280.jpg 1280w\" sizes=\"auto, (max-width: 1024px) 100vw, 1024px\" \/><div class=\"wp-block-cover__inner-container is-layout-flow wp-block-cover-is-layout-flow\">\n<p class=\"has-text-align-center has-large-font-size\">COACHING SIMB\u00d3LICO<\/p>\n<\/div><\/div>\n\n\n\n<h4 class=\"wp-block-heading\">CON\u00d3CETE A TRAV\u00c9S  DEL TAROT Y LOS ARQUETIPOS<\/h4>\n\n\n\n<h4 class=\"wp-block-heading\">Un Viaje de Autoconocimiento y Transformaci\u00f3n<\/h4>\n\n\n<div class=\"wp-block-image\">\n<figure class=\"alignleft size-large is-resized\"><img loading=\"lazy\" decoding=\"async\" width=\"682\" height=\"1024\" src=\"https:\/\/wuwei-coaching.com\/wp-content\/uploads\/2025\/03\/tarot-4818859_1280-682x1024.jpg\" alt=\"\" class=\"wp-image-1129\" style=\"width:160px;height:auto\" srcset=\"https:\/\/wuwei-coaching.com\/wp-content\/uploads\/2025\/03\/tarot-4818859_1280-682x1024.jpg 682w, https:\/\/wuwei-coaching.com\/wp-content\/uploads\/2025\/03\/tarot-4818859_1280-200x300.jpg 200w, https:\/\/wuwei-coaching.com\/wp-content\/uploads\/2025\/03\/tarot-4818859_1280-768x1152.jpg 768w, https:\/\/wuwei-coaching.com\/wp-content\/uploads\/2025\/03\/tarot-4818859_1280.jpg 853w\" sizes=\"auto, (max-width: 682px) 100vw, 682px\" \/><\/figure>\n<\/div>\n\n\n<p>El <strong>coaching simb\u00f3lico<\/strong> es una herramienta poderosa de crecimiento personal que combina el conocimiento de los <strong>arcanos del tarot<\/strong> y los <strong>arquetipos de Jung<\/strong> . A trav\u00e9s de s\u00edmbolos y met\u00e1foras, exploramos los patrones ocultos que influyen en tu vida, ayud\u00e1ndote a comprender mejor tus desaf\u00edos, fortalezas y oportunidades.<\/p>\n\n\n\n<h4 class=\"wp-block-heading\">\ud83c\udfad \u00bfC\u00d3MO FUNCIONA?<\/h4>\n\n\n\n<p>Al igual que las <strong>constelaciones familiares<\/strong> , el coaching simb\u00f3lico trabaja con el inconsciente, pero de manera <strong>individual<\/strong> . Utilizamos cartas del tarot y representaciones simb\u00f3licas para:<\/p>\n\n\n\n<p>\u2714\ufe0f Identificar bloqueos y creencias limitantes.<br>\u2714\ufe0f Descubrir din\u00e1micas inconscientes que influyen en tu vida.<br>\u2714\ufe0f Explorar posibles caminos y soluciones desde una nueva perspectiva.<\/p>\n\n\n\n<p>\ud83d\udd2e <strong>No se trata de adivinaci\u00f3n, sino de autoconocimiento<\/strong> : el tarot act\u00faa como un espejo de tu mundo interior, permiti\u00e9ndote conectar con respuestas que ya est\u00e1n dentro de ti.<\/p>\n\n\n\n<h4 class=\"wp-block-heading\">     \u00bfPARA QUI\u00c9N ES ESTA HERRAMIENTA?<\/h4>\n\n\n\n<p>     \u2705 Personas que buscan claridad en un momento de cambio o incertidumbre.<br>     \u2705 Quienes sienten que repiten patrones y quieren comprender por qu\u00e9.<br>     \u2705 Aquellos que desean tomar decisiones con mayor seguridad y autoconfianza.<br>     \u2705 Personas interesadas en el desarrollo personal a trav\u00e9s del simbolismo y la psicolog\u00eda profunda.<\/p>\n\n\n\n<h4 class=\"wp-block-heading\">BENEFICIOS DEL COACHING SIMB\u00d3LICO<\/h4>\n\n\n\n<p>\u2728Mayor comprensi\u00f3n de ti mismo y de tus relaciones.<br>\u2728 Conexi\u00f3n con tu intuici\u00f3n y sabidur\u00eda interior.<br>\u2728 Herramientas pr\u00e1cticas para afrontar bloqueos y desaf\u00edos.<br>\u2728 Un enfoque \u00fanico y creativo para el crecimiento personal.<\/p>\n\n\n\n<p>\ud83d\udce9 <strong>\u00bfTe gustar\u00eda experimentarlo?<\/strong> Escr\u00edbeme para m\u00e1s informaci\u00f3n o para agendar tu sesi\u00f3n.<\/p>\n","protected":false},"excerpt":{"rendered":"<p>CON\u00d3CETE A TRAV\u00c9S DEL TAROT Y LOS ARQUETIPOS Un Viaje de Autoconocimiento y Transformaci\u00f3n El coaching simb\u00f3lico es una herramienta poderosa de crecimiento personal que combina el conocimiento de los arcanos del tarot y los arquetipos de Jung . A trav\u00e9s de s\u00edmbolos y met\u00e1foras, exploramos los patrones ocultos que [&hellip;]<\/p>\n","protected":false},"author":1,"featured_media":0,"parent":0,"menu_order":0,"comment_status":"closed","ping_status":"closed","template":"page-templates\/template-pagebuilder-full-width.php","meta":{"_themeisle_gutenberg_block_has_review":false,"_ti_tpc_template_sync":false,"_ti_tpc_template_id":"","footnotes":""},"class_list":["post-515","page","type-page","status-publish","hentry"],"_links":{"self":[{"href":"https:\/\/wuwei-coaching.com\/index.php?rest_route=\/wp\/v2\/pages\/515","targetHints":{"allow":["GET"]}}],"collection":[{"href":"https:\/\/wuwei-coaching.com\/index.php?rest_route=\/wp\/v2\/pages"}],"about":[{"href":"https:\/\/wuwei-coaching.com\/index.php?rest_route=\/wp\/v2\/types\/page"}],"author":[{"embeddable":true,"href":"https:\/\/wuwei-coaching.com\/index.php?rest_route=\/wp\/v2\/users\/1"}],"replies":[{"embeddable":true,"href":"https:\/\/wuwei-coaching.com\/index.php?rest_route=%2Fwp%2Fv2%2Fcomments&post=515"}],"version-history":[{"count":10,"href":"https:\/\/wuwei-coaching.com\/index.php?rest_route=\/wp\/v2\/pages\/515\/revisions"}],"predecessor-version":[{"id":1225,"href":"https:\/\/wuwei-coaching.com\/index.php?rest_route=\/wp\/v2\/pages\/515\/revisions\/1225"}],"wp:attachment":[{"href":"https:\/\/wuwei-coaching.com\/index.php?rest_route=%2Fwp%2Fv2%2Fmedia&parent=515"}],"curies":[{"name":"wp","href":"https:\/\/api.w.org\/{rel}","templated":true}]}}